n?
1
Let j(v) = 2*v**2 + v + 1. Let x = 13 - 14. What is the units digit of j(x)?
2
Let o(y) = y**2 + 2*y - 3. What is the units digit of o(4)?
1
Suppose h - 30 = 4*r - 9, -4*h = 5*r - 105. Let a be (15/h)/(1/5). Suppose a*n = 23 - 5. What is the units digit of n?
6
Let v(f) = f**2 + 5*f - 3. Let w be v(4). What is the units digit of w/6 - (-2)/4?
6
Let c(l) be the first derivative of -3*l**2 + l + 1. Let x be c(1). Let k = x - -11. What is the units digit of k?
6
Suppose -3*r = 2*w, 0*w + 3*r = -5*w. Suppose w*u = -u + 28. What is the tens digit of u?
2
Suppose 0 = 3*o - 2*m - 161, -m + 4*m + 49 = o. What is the tens digit of o?
5
Let t = 190 - 76. What is the hundreds digit of t?
1
Suppose -5*o - 3*q + 42 = 0, 4*o + q - 34 = -q. Let w = -1 + o. What is the units digit of w?
8
Let m = 137 - 73. Suppose -m = -4*h - 0*h. What is the tens digit of h?
1
Suppose 0 = -2*z - 4*t - 28, -1 = -3*z + 5*t - 10. Let y = z + 10. What is the units digit of y?
2
Let g(a) = -a**3 + 7*a**2 + a - 7. Let f be g(7). Suppose f*s - 30 = -2*s. What is the units digit of s?
5
Let g(p) = -15*p + 19. What is the units digit of g(-8)?
9
Let l = 83 - 22. What is the units digit of l?
1
Let t be (64/(-12))/((-2)/6). What is the units digit of (t/6)/(10/15)?
4
Let q(o) = -o**3 - 9*o**2 - 8*o - 6. Let w be q(-8). What is the tens digit of (w/(-10))/((-1)/(-55))?
3
Let i(r) = 5*r**3 - 2*r**2 - 2. Let j(o) = 6*o**3 - 2*o**2 - 3. Let q(v) = 4*i(v) - 3*j(v). What is the units digit of q(1)?
1
What is the tens digit of 223/9 - 24/(-108)?
2
Let s = -5 - -6. Let h(l) = 5*l**3 + 1. What is the units digit of h(s)?
6
What is the tens digit of (107 - 37)*((-16)/(-10))/2?
5
Let r = 200 - 102. What is the tens digit of r?
9
Suppose -6*a + 3*a + 6 = 0. Suppose 3*o = -n + 116, -5*o - a*n = n - 196. What is the tens digit of o?
3
Let x(n) = -n**3 + 13*n**2 + 17*n - 17. Let j be (9 - 8) + 12 + 1. What is the units digit of x(j)?
5
Let y(l) = l**2 - 12*l - 4. Suppose 2*s - s = 13. Let v be y(s). What is the tens digit of ((-15)/(-9) - 0)*v?
1
What is the units digit of ((-20)/12)/(-5)*87?
9
Let n(i) = -7*i. Suppose 0 = 4*b - 3 + 19. What is the tens digit of n(b)?
2
Let z(u) = -u**2 - u + 4. Let t(n) = n - 2. Let x be t(6). Let j be z(x). What is the units digit of 2/3 - j/3?
6
Let x(h) be the first derivative of h**4/4 - 2*h**3 - 3*h**2 + h + 3. Let o be 0 + -14*(-2)/4. What is the units digit of x(o)?
8
Let y(g) be the third derivative of 1/4*g**4 - 1/6*g**3 + 0 + 0*g - 1/10*g**5 + 1/120*g**6 + g**2. What is the units digit of y(5)?
4
Let t = -1 - -11. Let r(v) = v + 6. What is the tens digit of r(t)?
1
Let x(w) be the second derivative of w**4/12 - w**3 + 3*w**2 - 3*w. Let r be x(4). What is the units digit of (-9)/r + (-6)/(-4)?
6
Let m = 0 - -4. Suppose 5*h - 4*y - 25 = -y, -5*h - m*y + 25 = 0. What is the units digit of h?
5
What is the tens digit of 4/(3 + 245/(-85))?
3
Suppose -d - 197 = -5*w, 2*d = w + 2*w - 114. Suppose -83 = 4*t + 5*z, -2*t - 2*z - w = -0*z. Let u = 33 + t. What is the tens digit of u?
1
Suppose 2*d + 3*b + b = 8, -3*b + 1 = 4*d. What is the units digit of (d/6)/(1/(-27))?
9
Let x(c) = c**2 + 2*c. Let p be x(-3). Suppose 3*z + 23 = 6*i - 2*i, p*z - i = -8. What is the units digit of -1*(-5 + z) + 1?
7
Let c = 4 - 0. Suppose -45 = r + c*r. Let v(z) = z**2 + 10*z + 12. What is the units digit of v(r)?
3
Let a(t) = t**3 - 5*t**2 - 7*t - 6. Let c be a(6). What is the units digit of (-3)/c*-2*-2?
1
Let j = -109 + 316. What is the hundreds digit of j?
2
Let x = 2 - 2. Suppose -n + 21 = -5*j, x = -2*n + 2*j - j + 6. What is the units digit of n?
1
Let m(l) = l + 1. Let x be m(5). What is the units digit of ((-9)/x)/(2/(-12))?
9
Let z = -3 + 4. Suppose -m + 12 = 3*n, n + 9 - z = m. What is the units digit of m?
9
Let h(v) be the second derivative of v**4/12 - v**3/6 - 2*v. Let i(b) = -40*b**2 + 32*b. Let c(n) = -32*h(n) - i(n). What is the units digit of c(1)?
8
Let s(t) = 5*t + 7. What is the tens digit of s(6)?
3
Suppose t + 36 = -4*g + 2*t, -2*g - 18 = -2*t. What is the units digit of (-3)/g + (-118)/(-6)?
0
Let n(i) = -i**2 + 6*i - 3. Let d = 27 - 4. Suppose 5*c = 2 + d. What is the units digit of n(c)?
2
What is the tens digit of 2/(-7) - (-275)/7?
3
Let r = 251 - 177. What is the units digit of r?
4
Let m = -57 + 96. What is the units digit of m?
9
Let a(h) = -h**3 - 10*h**2 - 10*h - 7. Let f be a(-9). Suppose 3*m - 2 = p, 14 = 2*p + 4*m - f. Suppose p*d + 1 - 17 = 0. What is the units digit of d?
4
Let k = -95 + 47. What is the units digit of (k/(-14))/((-8)/(-28))?
2
Suppose 4*j = 2*w + 14, 3 = -0*j + 3*j - 4*w. Suppose a + z = -2 - 3, a = j*z + 1. What is the tens digit of (a/(-12))/(2/90)?
1
Let x = -20 + 36. What is the units digit of x?
6
Let m = 159 - -9. What is the tens digit of m?
6
Let w be 9 - (4/4 - -3). What is the tens digit of ((-2)/(-6))/(w/150)?
1
Suppose 3*o + r = 13, 0*r = 2*o + 2*r - 14. Suppose 8 = 4*s, -3*y - o + 107 = 4*s. What is the tens digit of y?
3
Let k(s) = s**2 - 6. Let z be k(-6). Let l(y) = y**2 + 6*y + 2. Let v be l(-6). Suppose -7*d + v*d = -z. What is the units digit of d?
6
Let b be 0/(-4)*(0 - 1). Suppose -5*s + 34 + 26 = b. What is the units digit of s?
2
Let h(q) = -2*q + 7. Let x(n) = 7*n**3 + 2*n**2 + 2*n + 1. Let j be x(-1). What is the tens digit of h(j)?
1
Suppose -5*w - l + 17 = 0, 2*w + 3*l = -2*l + 16. Suppose -3*p + z + 5 = 28, w*p - 5*z + 43 = 0. What is the units digit of p/(-3) - 1 - -1?
2
Suppose -2*g + u - 2*u + 12 = 0, g = 5*u + 28. Suppose -2*s = -10 - g. Suppose -4*a - s = -7*a. What is the units digit of a?
3
Suppose -4*b - b - 4*z + 25 = 0, -3*b + 15 = 5*z. Let d = 2 - -9. Suppose -t + 0*t + b*c = d, 17 = 2*t + 3*c. What is the units digit of t?
4
Let b(p) be the third derivative of p**6/120 - p**5/12 - p**4/12 + p**3/3 - 3*p**2. What is the tens digit of b(6)?
2
Let p = -4 + 8. Suppose 68 = p*t - 0*t. What is the units digit of t?
7
Let u = 574 + -386. What is the tens digit of u?
8
Suppose 1 + 2 = 3*a. Suppose t - h = 7, -3*t - a = -t + h. Suppose 6 + t = 2*m + f, 2 = f. What is the units digit of m?
3
Let u(z) = -14*z + 19. What is the hundreds digit of u(-18)?
2
Suppose 4*i = 2*i. Suppose i*a - a + 1 = 0. What is the units digit of a?
1
Suppose f - 2*k = 47, -3*f + 113 + 17 = 5*k. What is the units digit of f?
5
What is the units digit of (22/(-8))/((-6)/(144/3))?
2
Suppose v = 3*n + 17, -v + 4*n - 11 = -33. Suppose 27 = i + v*i. Suppose -i = -w - 1. What is the units digit of w?
8
Suppose 2*k - 3*z = 74, 0*k - 148 = -4*k - 4*z. What is the tens digit of k?
3
Suppose 0 = -d - 5*u - 24 - 1, -3*d - u = 5. Let i(b) = b**2 + 0*b - 2*b + 2 + d*b. What is the units digit of i(2)?
2
Suppose -2914 = -14*y - 450. What is the hundreds digit of y?
1
Suppose 2*v = -3*v - d + 16, d + 20 = 4*v. What is the tens digit of 21 + v - -1 - -2?
2
Let q = -7 + 9. What is the units digit of q?
2
Let t be 3/(-2 + 7/2). Suppose 0*s = 2*s - 6. Suppose s*g - 35 = -t*g. What is the units digit of g?
7
Let x(t) = t**3 - 9*t**2 - 9*t - 6. Let l be x(10). Let p be (-1)/l*(2 - 6). Suppose z + 5*k + p = 0, 5*z - 38 = z + k. What is the units digit of z?
9
Suppose -2*m + 165 = 3*m. What is the units digit of m?
3
Suppose -5*p - 3*y + 1291 = 0, 0 = 5*y + 8 + 7. Suppose -3*n + p = 2*n. What is the units digit of n?
2
Let k be 280/42*(0 + 15). Suppose -5*f - k = -10*f. What is the tens digit of f?
2
Suppose -4*y + 2*u + 14 = -2*y, 3*u + 6 = 0. Suppose -3*n + 4*r - 5 = -0*r, 5*r + y = 0. What is the units digit of (n/2)/((-12)/80)?
0
Suppose d - 2 = -0. Suppose -3*h + 5 - d = 0. What is the units digit of h?
1
Let i(c) = 10*c + 1. What is the tens digit of i(3)?
3
Suppose -5*d = 1 - 16. Suppose 0*u - d = -u. What is the units digit of u?
3
Suppose 2 + 4 = -l. What is the units digit of l/(-15) - (-8)/5?
2
Suppose 5 = -w + 15. What is the tens digit of 14 + 1 - (10 - w)?
1
Let d(b) be the third derivative of b**4/24 - b**3 + 3*b**2. Let h be d(9). Suppose -3*c - 45 = -4*g, -2*g - 3*g + h*c = -54. What is the units digit of g?
9
Let p = -4 + 6. Suppose -3*f - d + 119 = 0, p*d + 214 = 5*f + 12. What is the units digit of f?
0
Let q(r) = 15*r - 3. Let z = 11 - 20. Let n(p) = 7*p - 1. Let b(g) = z*n(g) + 4*q(g). What is the units digit of 